{"id":167,"date":"2025-04-17T13:50:45","date_gmt":"2025-04-17T13:50:45","guid":{"rendered":"https:\/\/saltystudio.pt\/dev\/bisturi-humanitario\/offerings\/"},"modified":"2025-04-18T21:58:37","modified_gmt":"2025-04-18T21:58:37","slug":"missoes","status":"publish","type":"page","link":"https:\/\/saltystudio.pt\/dev\/bisturi-humanitario\/missoes\/","title":{"rendered":"Miss\u00f5es"},"content":{"rendered":"\n<div class=\"wp-block-uagb-container uagb-block-6803eae3 alignfull uagb-is-root-container\"><div class=\"uagb-container-inner-blocks-wrap\">\n<div class=\"wp-block-uagb-advanced-heading uagb-block-a2f9964e\"><h1 class=\"uagb-heading-text\">Miss\u00f5es<\/h1><p class=\"uagb-desc-text\">Relat\u00f3rios de Miss\u00e3o<\/p><\/div>\n<\/div><\/div>\n\n\n\n<div class=\"wp-block-uagb-container uagb-block-623363c6 alignfull uagb-is-root-container\"><div class=\"uagb-container-inner-blocks-wrap\">\n<div class=\"wp-block-uagb-container uagb-block-c1da8971\">\n<div class=\"wp-block-uagb-container uagb-block-7cfc147a\">\n<div class=\"wp-block-uagb-image alignright uagb-block-14b1aec8 wp-block-uagb-image--layout-default wp-block-uagb-image--effect-static wp-block-uagb-image--align-right\"><figure class=\"wp-block-uagb-image__figure\"><img decoding=\"async\" srcset=\"https:\/\/saltystudio.pt\/dev\/bisturi-humanitario\/wp-content\/uploads\/2025\/04\/484180774_1547263572795428_7392635764408524151_n-1024x576.jpg ,https:\/\/saltystudio.pt\/dev\/bisturi-humanitario\/wp-content\/uploads\/2025\/04\/484180774_1547263572795428_7392635764408524151_n.jpg 780w, https:\/\/saltystudio.pt\/dev\/bisturi-humanitario\/wp-content\/uploads\/2025\/04\/484180774_1547263572795428_7392635764408524151_n.jpg 360w\" sizes=\"auto, (max-width: 480px) 150px\" src=\"https:\/\/saltystudio.pt\/dev\/bisturi-humanitario\/wp-content\/uploads\/2025\/04\/484180774_1547263572795428_7392635764408524151_n-1024x576.jpg\" alt=\"\" class=\"uag-image-1637\" width=\"560\" height=\"500\" title=\"484180774_1547263572795428_7392635764408524151_n\" loading=\"lazy\" role=\"img\"\/><\/figure><\/div>\n<\/div>\n\n\n\n<div class=\"wp-block-uagb-container uagb-block-54896ab7\">\n<div class=\"wp-block-uagb-info-box uagb-block-eb8080be uagb-infobox__content-wrap  uagb-infobox-icon-above-title uagb-infobox-image-valign-top\"><div class=\"uagb-ifb-content\"><div class=\"uagb-ifb-title-wrap\"><h3 class=\"uagb-ifb-title\">Rumo \u00e0 Guin\u00e9 2025 &#8211; fevereiro<\/h3><\/div><p class=\"uagb-ifb-desc\">Forma\u00e7\u00e3o em Cuidados de Sa\u00fade. Desenvolvemos programas de forma\u00e7\u00e3o para capacitar profissionais de sa\u00fade tanto a n\u00edvel nacional como em pa\u00edses em vias de desenvolvimento.<\/p><div class=\"uagb-ifb-button-wrapper wp-block-button\"><a href=\"https:\/\/saltystudio.pt\/dev\/bisturi-humanitario\/fev-2025\/\" class=\"uagb-infobox-cta-link wp-block-button__link\" target=\"_self\" rel=\"noopener noreferrer\" onclick=\"return true;\"><span class=\"uagb-inline-editing\">Come\u00e7ar<\/span><\/a><\/div><\/div><\/div>\n<\/div>\n<\/div>\n\n\n\n<div class=\"wp-block-uagb-container uagb-block-e91230d3\">\n<div class=\"wp-block-uagb-container uagb-block-b46395ef\">\n<div class=\"wp-block-uagb-image alignleft uagb-block-4ff9da3f wp-block-uagb-image--layout-default wp-block-uagb-image--effect-static wp-block-uagb-image--align-left\"><figure class=\"wp-block-uagb-image__figure\"><img decoding=\"async\" srcset=\"https:\/\/saltystudio.pt\/dev\/bisturi-humanitario\/wp-content\/uploads\/2025\/04\/387831847-1223807825141006-8284610845677534426-n-768x768-1.jpg ,https:\/\/saltystudio.pt\/dev\/bisturi-humanitario\/wp-content\/uploads\/2025\/04\/387831847-1223807825141006-8284610845677534426-n-768x768-1.jpg 780w, https:\/\/saltystudio.pt\/dev\/bisturi-humanitario\/wp-content\/uploads\/2025\/04\/387831847-1223807825141006-8284610845677534426-n-768x768-1.jpg 360w\" sizes=\"auto, (max-width: 480px) 150px\" src=\"https:\/\/saltystudio.pt\/dev\/bisturi-humanitario\/wp-content\/uploads\/2025\/04\/387831847-1223807825141006-8284610845677534426-n-768x768-1.jpg\" alt=\"\" class=\"uag-image-24\" width=\"560\" height=\"500\" title=\"\" loading=\"lazy\" role=\"img\"\/><\/figure><\/div>\n<\/div>\n\n\n\n<div class=\"wp-block-uagb-container uagb-block-7621abb2\">\n<div class=\"wp-block-uagb-info-box uagb-block-08da12b4 uagb-infobox__content-wrap  uagb-infobox-icon-above-title uagb-infobox-image-valign-top\"><div class=\"uagb-ifb-content\"><div class=\"uagb-ifb-title-wrap\"><h3 class=\"uagb-ifb-title\"><strong>Rumo \u00e0 Guin\u00e9 202<\/strong>4 &#8211; fevereiro<\/h3><\/div><p class=\"uagb-ifb-desc\">8 Dias de muitas hist\u00f3rias, experi\u00eancias, mas acima de tudo gratid\u00e3o.<\/p><div class=\"uagb-ifb-button-wrapper wp-block-button\"><a href=\"contact\/\" class=\"uagb-infobox-cta-link wp-block-button__link\" target=\"_self\" rel=\"noopener noreferrer\" onclick=\"return true;\"><span class=\"uagb-inline-editing\">Come\u00e7ar<\/span><\/a><\/div><\/div><\/div>\n<\/div>\n<\/div>\n\n\n\n<div class=\"wp-block-uagb-container uagb-block-3893b8aa\">\n<div class=\"wp-block-uagb-container uagb-block-b02b419f\">\n<div class=\"wp-block-uagb-image alignright uagb-block-2622f629 wp-block-uagb-image--layout-default wp-block-uagb-image--effect-static wp-block-uagb-image--align-right\"><figure class=\"wp-block-uagb-image__figure\"><img decoding=\"async\" srcset=\"https:\/\/saltystudio.pt\/dev\/bisturi-humanitario\/wp-content\/uploads\/2025\/04\/387736102-1224709641717491-6455674181637295951-n-912x912-1.jpg ,https:\/\/saltystudio.pt\/dev\/bisturi-humanitario\/wp-content\/uploads\/2025\/04\/387736102-1224709641717491-6455674181637295951-n-912x912-1.jpg 780w, https:\/\/saltystudio.pt\/dev\/bisturi-humanitario\/wp-content\/uploads\/2025\/04\/387736102-1224709641717491-6455674181637295951-n-912x912-1.jpg 360w\" sizes=\"auto, (max-width: 480px) 150px\" src=\"https:\/\/saltystudio.pt\/dev\/bisturi-humanitario\/wp-content\/uploads\/2025\/04\/387736102-1224709641717491-6455674181637295951-n-912x912-1.jpg\" alt=\"\" class=\"uag-image-21\" width=\"560\" height=\"500\" title=\"387736102-1224709641717491-6455674181637295951-n-912x912\" loading=\"lazy\" role=\"img\"\/><\/figure><\/div>\n<\/div>\n\n\n\n<div class=\"wp-block-uagb-container uagb-block-862a6668\">\n<div class=\"wp-block-uagb-info-box uagb-block-411c16f4 uagb-infobox__content-wrap  uagb-infobox-icon-above-title uagb-infobox-image-valign-top\"><div class=\"uagb-ifb-content\"><div class=\"uagb-ifb-title-wrap\"><h3 class=\"uagb-ifb-title\">Rumo \u00e0 Guin\u00e9 &#8211; Anos Anteriores<\/h3><\/div><p class=\"uagb-ifb-desc\">Consulte toda informa\u00e7\u00e3o relativa \u00e0s miss\u00f5es dos anos<br>2023, 2022, 2021, 2020 e 2019<\/p><div class=\"uagb-ifb-button-wrapper wp-block-button\"><a href=\"https:\/\/saltystudio.pt\/dev\/bisturi-humanitario\/repositorio\/\" class=\"uagb-infobox-cta-link wp-block-button__link\" target=\"_self\" rel=\"noopener noreferrer\" onclick=\"return true;\"><span class=\"uagb-inline-editing\">Come\u00e7ar<\/span><\/a><\/div><\/div><\/div>\n<\/div>\n<\/div>\n<\/div><\/div>\n\n\n\n<div class=\"wp-block-uagb-container uagb-block-407e9912 alignfull uagb-is-root-container\"><div class=\"uagb-container-inner-blocks-wrap\">\n<div class=\"wp-block-uagb-testimonial uagb-slick-carousel uagb-tm__arrow-outside uagb-block-63d6bdbb uagb-post__carousel_notset uagb-post__carousel_notset-tablet uagb-post__carousel_notset-mobile\"><div class=\"is-carousel uagb-tm__columns-1 uagb-tm__items\"><div class=\"uagb-testimonial__wrap  uagb-tm__imgicon-style-circle uagb-tm__image-position-top uagb-tm__bg-type-none \"><div class=\"uagb-tm__content\"><div class=\"uagb-tm__overlay\"><\/div><div class=\"uagb-tm__image-content\"><div class=\"uagb-tm__image\"><img decoding=\"async\" class=\"uagb-tm-img-src\" src=\"https:\/\/saltystudio.pt\/dev\/bisturi-humanitario\/wp-content\/uploads\/2025\/04\/relatorio-missao-fev-2024-16-707x692-2-150x150.jpg\" alt=\"\" width=\"60\" height=\"60\" loading=\"lazy\"\/><\/div><\/div><div class=\"uagb-tm__text-wrap\"><div class=\"uagb-tm__desc\">A Associa\u00e7\u00e3o Bisturi Humanit\u00e1rio realmente faz a diferen\u00e7a na vida daqueles que mais precisam. Agrade\u00e7o por todo o apoio incr\u00edvel que oferecem.<\/div><div class=\"uagb-tm__meta-inner\"><div class=\"uagb-testimonial-details\"><span class=\"uagb-tm__author-name\">Ana Silva<\/span><span class=\"uagb-tm__company\"><\/span><\/div><\/div><\/div><\/div><\/div><\/div><\/div>\n<\/div><\/div>\n\n\n\n<div class=\"wp-block-uagb-container uagb-block-c6476a98 alignfull uagb-is-root-container\"><div class=\"uagb-container-inner-blocks-wrap\">\n<div class=\"wp-block-uagb-container uagb-block-499f3e2a\">\n<div class=\"wp-block-uagb-advanced-heading uagb-block-6fe09642\"><h2 class=\"uagb-heading-text\">Compromisso com o Bem-Estar da Comunidade<\/h2><\/div>\n\n\n\n<div class=\"wp-block-uagb-advanced-heading uagb-block-72279faa\"><p class=\"uagb-heading-text\">Nosso foco est\u00e1 na melhoria dos cuidados de sa\u00fade e no suporte a popula\u00e7\u00f5es carenciadas, promovendo a solidariedade e a forma\u00e7\u00e3o de profissionais dedicados.<\/p><\/div>\n<\/div>\n\n\n\n<div class=\"wp-block-uagb-container uagb-block-8c7963ad\">\n<div class=\"wp-block-uagb-container uagb-block-918d0378\">\n<div class=\"wp-block-uagb-image uagb-block-0a080123 wp-block-uagb-image--layout-default wp-block-uagb-image--effect-static wp-block-uagb-image--align-none\"><figure class=\"wp-block-uagb-image__figure\"><img decoding=\"async\" srcset=\"https:\/\/saltystudio.pt\/dev\/bisturi-humanitario\/wp-content\/uploads\/2025\/04\/387736102-1224709641717491-6455674181637295951-n-912x912-1.jpg ,https:\/\/saltystudio.pt\/dev\/bisturi-humanitario\/wp-content\/uploads\/2025\/04\/387736102-1224709641717491-6455674181637295951-n-912x912-1.jpg 780w, https:\/\/saltystudio.pt\/dev\/bisturi-humanitario\/wp-content\/uploads\/2025\/04\/387736102-1224709641717491-6455674181637295951-n-912x912-1.jpg 360w\" sizes=\"auto, (max-width: 480px) 150px\" src=\"https:\/\/saltystudio.pt\/dev\/bisturi-humanitario\/wp-content\/uploads\/2025\/04\/387736102-1224709641717491-6455674181637295951-n-912x912-1.jpg\" alt=\"\" class=\"uag-image-21\" width=\"560\" height=\"450\" title=\"\" loading=\"lazy\" role=\"img\"\/><\/figure><\/div>\n\n\n\n<div class=\"wp-block-uagb-advanced-heading uagb-block-53687665\"><h3 class=\"uagb-heading-text\">Acesso \u00e0 Sa\u00fade<\/h3><p class=\"uagb-desc-text\">O nosso compromisso \u00e9 garantir acesso a cuidados de sa\u00fade de qualidade, especialmente para aqueles que frequentemente ficam esquecidos.<\/p><\/div>\n<\/div>\n\n\n\n<div class=\"wp-block-uagb-container uagb-block-a2b4d0ac\">\n<div class=\"wp-block-uagb-image alignleft uagb-block-7a16e14f wp-block-uagb-image--layout-default wp-block-uagb-image--effect-static wp-block-uagb-image--align-left\"><figure class=\"wp-block-uagb-image__figure\"><img decoding=\"async\" srcset=\"https:\/\/saltystudio.pt\/dev\/bisturi-humanitario\/wp-content\/uploads\/2025\/04\/387782153-1224745871713868-5243843554902321658-n-1200x1200-1.jpg ,https:\/\/saltystudio.pt\/dev\/bisturi-humanitario\/wp-content\/uploads\/2025\/04\/387782153-1224745871713868-5243843554902321658-n-1200x1200-1.jpg 780w, https:\/\/saltystudio.pt\/dev\/bisturi-humanitario\/wp-content\/uploads\/2025\/04\/387782153-1224745871713868-5243843554902321658-n-1200x1200-1.jpg 360w\" sizes=\"auto, (max-width: 480px) 150px\" src=\"https:\/\/saltystudio.pt\/dev\/bisturi-humanitario\/wp-content\/uploads\/2025\/04\/387782153-1224745871713868-5243843554902321658-n-1200x1200-1.jpg\" alt=\"\" class=\"uag-image-25\" width=\"560\" height=\"450\" title=\"\" loading=\"lazy\" role=\"img\"\/><\/figure><\/div>\n\n\n\n<div class=\"wp-block-uagb-advanced-heading uagb-block-c5a580ac\"><h3 class=\"uagb-heading-text\">Forma\u00e7\u00e3o de Qualidade<\/h3><p class=\"uagb-desc-text\">Promovemos forma\u00e7\u00e3o cont\u00ednua para profissionais de sa\u00fade, contribuindo para uma presta\u00e7\u00e3o de cuidados mais eficiente e capacitada.<\/p><\/div>\n<\/div>\n<\/div>\n<\/div><\/div>\n\n\n\n<div class=\"wp-block-uagb-container uagb-block-c84325e4 alignfull uagb-is-root-container\"><div class=\"uagb-container-inner-blocks-wrap\">\n<div class=\"wp-block-uagb-info-box uagb-block-d8a09d88 uagb-infobox__content-wrap  uagb-infobox-icon-above-title uagb-infobox-image-valign-top\"><div class=\"uagb-ifb-content\"><div class=\"uagb-ifb-title-wrap\"><h2 class=\"uagb-ifb-title\">Junte-se \u00e0 Nossa Causa<\/h2><\/div><p class=\"uagb-ifb-desc\">A sua ajuda pode fazer a diferen\u00e7a. Contribua ou torne-se volunt\u00e1rio e ajude-nos a levar cuidados a quem mais precisa.<\/p><div class=\"uagb-ifb-button-wrapper wp-block-button\"><a href=\"https:\/\/saltystudio.pt\/dev\/bisturi-humanitario\/contactos\/\" class=\"uagb-infobox-cta-link wp-block-button__link\" target=\"_self\" rel=\"noopener noreferrer\" onclick=\"return true;\"><span class=\"uagb-inline-editing\">Junte-se a n\u00f3s<\/span><\/a><\/div><\/div><\/div>\n<\/div><\/div>\n","protected":false},"excerpt":{"rendered":"<p>Miss\u00f5es Relat\u00f3rios de Miss\u00e3o Compromisso com o Bem-Estar da Comunidade Nosso foco est\u00e1 na melhoria dos cuidados de sa\u00fade e [&hellip;]<\/p>\n","protected":false},"author":1,"featured_media":0,"parent":0,"menu_order":0,"comment_status":"closed","ping_status":"closed","template":"","meta":{"_uag_custom_page_level_css":"","site-sidebar-layout":"default","site-content-layout":"","ast-site-content-layout":"default","site-content-style":"default","site-sidebar-style":"default","ast-global-header-display":"","ast-banner-title-visibility":"","ast-main-header-display":"","ast-hfb-above-header-display":"","ast-hfb-below-header-display":"","ast-hfb-mobile-header-display":"","site-post-title":"disabled","ast-breadcrumbs-content":"","ast-featured-img":"","footer-sml-layout":"","theme-transparent-header-meta":"enabled","adv-header-id-meta":"","stick-header-meta":"","header-above-stick-meta":"","header-main-stick-meta":"","header-below-stick-meta":"","astra-migrate-meta-layouts":"set","ast-page-background-enabled":"default","ast-page-background-meta":{"desktop":{"background-color":"var(--ast-global-color-4)","background-image":"","background-repeat":"repeat","background-position":"center center","background-size":"auto","background-attachment":"scroll","background-type":"","background-media":"","overlay-type":"","overlay-color":"","overlay-opacity":"","overlay-gradient":""},"tablet":{"background-color":"","background-image":"","background-repeat":"repeat","background-position":"center center","background-size":"auto","background-attachment":"scroll","background-type":"","background-media":"","overlay-type":"","overlay-color":"","overlay-opacity":"","overlay-gradient":""},"mobile":{"background-color":"","background-image":"","background-repeat":"repeat","background-position":"center center","background-size":"auto","background-attachment":"scroll","background-type":"","background-media":"","overlay-type":"","overlay-color":"","overlay-opacity":"","overlay-gradient":""}},"ast-content-background-meta":{"desktop":{"background-color":"var(--ast-global-color-5)","background-image":"","background-repeat":"repeat","background-position":"center center","background-size":"auto","background-attachment":"scroll","background-type":"","background-media":"","overlay-type":"","overlay-color":"","overlay-opacity":"","overlay-gradient":""},"tablet":{"background-color":"var(--ast-global-color-5)","background-image":"","background-repeat":"repeat","background-position":"center center","background-size":"auto","background-attachment":"scroll","background-type":"","background-media":"","overlay-type":"","overlay-color":"","overlay-opacity":"","overlay-gradient":""},"mobile":{"background-color":"var(--ast-global-color-5)","background-image":"","background-repeat":"repeat","background-position":"center center","background-size":"auto","background-attachment":"scroll","background-type":"","background-media":"","overlay-type":"","overlay-color":"","overlay-opacity":"","overlay-gradient":""}},"footnotes":""},"class_list":["post-167","page","type-page","status-publish","hentry"],"uagb_featured_image_src":{"full":false,"thumbnail":false,"medium":false,"medium_large":false,"large":false,"1536x1536":false,"2048x2048":false},"uagb_author_info":{"display_name":"jose-sousa","author_link":"https:\/\/saltystudio.pt\/dev\/bisturi-humanitario\/author\/jose-sousa\/"},"uagb_comment_info":0,"uagb_excerpt":"Miss\u00f5es Relat\u00f3rios de Miss\u00e3o Compromisso com o Bem-Estar da Comunidade Nosso foco est\u00e1 na melhoria dos cuidados de sa\u00fade e [&hellip;]","_links":{"self":[{"href":"https:\/\/saltystudio.pt\/dev\/bisturi-humanitario\/wp-json\/wp\/v2\/pages\/167","targetHints":{"allow":["GET"]}}],"collection":[{"href":"https:\/\/saltystudio.pt\/dev\/bisturi-humanitario\/wp-json\/wp\/v2\/pages"}],"about":[{"href":"https:\/\/saltystudio.pt\/dev\/bisturi-humanitario\/wp-json\/wp\/v2\/types\/page"}],"author":[{"embeddable":true,"href":"https:\/\/saltystudio.pt\/dev\/bisturi-humanitario\/wp-json\/wp\/v2\/users\/1"}],"replies":[{"embeddable":true,"href":"https:\/\/saltystudio.pt\/dev\/bisturi-humanitario\/wp-json\/wp\/v2\/comments?post=167"}],"version-history":[{"count":12,"href":"https:\/\/saltystudio.pt\/dev\/bisturi-humanitario\/wp-json\/wp\/v2\/pages\/167\/revisions"}],"predecessor-version":[{"id":1731,"href":"https:\/\/saltystudio.pt\/dev\/bisturi-humanitario\/wp-json\/wp\/v2\/pages\/167\/revisions\/1731"}],"wp:attachment":[{"href":"https:\/\/saltystudio.pt\/dev\/bisturi-humanitario\/wp-json\/wp\/v2\/media?parent=167"}],"curies":[{"name":"wp","href":"https:\/\/api.w.org\/{rel}","templated":true}]}}